7).
-80
What is the value of (-2 - -3 - (-5 - -39)) + -22 + 26?
-29
Evaluate -35 + -10 + 12 - -36.
3
Calculate (0 - -24) + -11 + -46 + 45 + (28 - -4).
44
-39 + (-103 - -99) - -83
40
(-270 - -237) + 59 + -4
22
-3 + (-4 - -23) + 55 + (-1 - 18)
52
Calculate (-99 - -79 - -28) + (1 - 0 - 0) + -37.
-28
Calculate -100 - -100 - (9 + (-12 - (-7 - 8))).
-12
What is the value of (109 - 236) + (10 - (1 - 1)) + (3 - -9)?
-105
What is -64 + 22 + -18 + 19?
-41
Evaluate (205 + -138 - (2 + 9)) + -6.
50
What is (-2 - -2) + -1 - (-41 - -81 - 83)?
42
What is the value of (-36 - (-83 + 66)) + 65?
46
What is 43 + 18 - (-533 - -574)?
20
-55 + (4 - -19) + (102 - 27)
43
Evaluate -29 + (-27 - -8 - ((8 - 15) + -7)).
-34
Evaluate -85 - 0 - ((46 - 150) + 80 + (10 - 1)).
-70
Calculate (-8 - ((163 - 163) + (1 - 12))) + 10.
13
What is 37 + -113 + 133 - (1 + (-4 - -1) - -12)?
47
Calculate 2373 - 2278 - (84 - 5).
16
Evaluate 45 - 33 - (2 - -16).
-6
What is the value of (-15 + -2 - (-6 + 10 - -54)) + -15?
-90
What is the value of (-20 - 4 - (3 + -9)) + (225 - 78)?
129
Calculate -20 - (-10 + 17) - -21.
-6
What is the value of (14 - 15 - -1) + (6 - 0) + (79 - 0)?
85
What is the value of (9 - -3) + -21 + (-6 - 2)?
-17
What is the value of 1 - (-66 - 25 - -26) - (-1 + 1 - -1)?
65
Evaluate 56 - (75 + -104 + 33).
52
7 + 41 + (-34 - 25)
-11
Evaluate 6 + 17 - 52 - -50.
21
What is the value of 282 + -231 + (-5 - -1 - 16)?
31
Calculate (14 - -6 - (-85 - -90)) + 72.
87
23 - 1 - (88 + -91 + -26)
51
Calculate -141 + (-167 - -54) + 301.
47
What is the value of 26 - (-19 + -45 + (65 - 33))?
58
(-5 - -38) + -25 + 3 + -1 + 17
27
Calculate -45 - (-57 - (7 + -18)).
1
What is the value of ((4 - -7) + -23 + 16 - (41 + 5)) + 5?
-37
Calculate -34 - (-70 + 42) - 11.
-17
-1 + -43 + 31 + 264 + -248
3
-32 + 23 + -16 - (6 + -44)
13
What is (-2 - 5) + 5 - (78 - 74)?
-6
Calculate -9 + (3 - -9) - (2 + -19 + 21).
-1
What is (33 - (60 - 29)) + (4 - 27) + -15?
-36
What is the value of (63 - 0) + (2638 - 2654)?
47
Evaluate 19 + (5 - 9 - -2 - -1).
18
What is 14 + 1 - 13 - (-14 + -5 + 8 + -8)?
21
What is (-5 - (2 + 4 + -13) - -4) + -43?
-37
Calculate (57 - (37 + 31)) + (0 - 22).
-33
Evaluate 142 - (-54 - (-151 + -180)).
-135
-1 + -4 + (-12 - -22) + -11 + 16 - 68
-58
-10 - (16 - 20) - -13 - -8
15
Evaluate -45 + 6 + 21 + 68 + -40.
10
(-2234 - -2280) + (-2 - 79)
-35
What is (-19 - -61 - 7) + (-7 - (-7 + 6)) + 0?
29
Calculate -10 + -9 - (-13 - (-16 + (20 - -109))).
107
What is the value of -86 + 5 + 58 + 62?
39
What is (-11 - (-82 - 44)) + -104?
11
(14 - (41 - 10) - -14) + -43 - -10
-36
3 - -16 - (20 + 17 + -28) - -40
50
Evaluate (-79 - (4 - 5)) + (5 - (-10 - -5)).
-68
Calculate -80 + (-100 - -83 - -7).
-90
-24 + (-19 + 8 - -61) - -9
35
(4 - 16) + 7 - (8 - (-6 + 7) - 16)
4
Evaluate 48 - (-18 + -10 - (-9 - 51)).
16
Evaluate 2 + 1 + 5 + -16 + (-31 - -23).
-16
What is the value of (-2 - -1) + 14 - ((21 - (10 + 20)) + -51)?
73
Evaluate ((14 - 19) + -23 - -19) + -35.
-44
(71 - -4) + 234 + -336 + (-1 - (1 - 0))
-29
What is the value of 53 - 53 - -51 - (14 + 4)?
33
Calculate (-67 - 3 - (22 + 11 - 22)) + 2.
-79
What is the value of 132 + 2 - (-5806 + 5863)?
77
What is the value of (-21 + 13 - -109 - 0) + -8?
93
Calculate 1 + -2 - 2 - (-7 + 5 + 15 + -9).
-7
Calculate (-65 - -109 - 26) + -10.
8
98 + (-70 + 32 - 164)
-104
-89 - (-59 - (16 + -27))
-41
What is -15 + (15 - (6 + 1))?
-7
Calculate -9 + -1 - (-167 - (-42 + -13 + 10)).
112
What is 231 + -230 + (-3 - (3 - 13)) - 21?
-13
What is the value of -11 + 15 - (30 + -36 - (-2 + 22))?
30
Calculate (-34 - 11) + 103 - 174.
-116
Evaluate -6 + -7 + 46 + (12 - (10 - -2)).
33
Calculate -100 + 87 + -36 + 1 + 30.
-18
What is the value of -3 + 7 - (-17 + -5) - 18?
8
Calculate 72 + (100 - 186) + 43 + -1.
28
What is -24 - (-152 + 26 + -25 + 19)?
108
Calculate (-22 - -9) + 21 - (-14 - ((3 - 5) + 7)).
27
What is the value of (49 - 2) + -7 - (26 - (-27 + 38))?
25
What is -1 + 2 + (51 - 102) - -5 - -4?
-41
Evaluate (-9 + (29 - 21) - 6) + -14.
-21
What is -27 + (17 - (-9 + 25)) + (2 - (7 - -4))?
-35
What is -9 + (1 - (-2 + 3)) - (-14578 + 14534)?
35
Calculate 84 - (105 + (14 - 66)).
31
What is the value of 116 + -1 + -24 + 8 + -15?
84
Evaluate 3 + 3 + -2 + -2 + -27 + (-18 - -13).
-30
Calculate (-63 - 3 - -72) + 40.
46
29 + -20 + 26 - -15
50
Evaluate 91 + 49 + -151 - (-25 + -4 + (2 - 0)).
16
Calculate -4 - 1 - (-12 + (-51 + 28 - -4)).
26
Calculate (107 - 94) + -60 + (7 - 4).
-44
What is the value of -30 - ((-274 - -283) + (-89 - 2))?
52
Calculate (-1 - -10 - -35) + -10 + (4 - 3) + 0.
35
What is 23 - 34 - (-3 + 13 + (-5 - 20))?
4
What is 6 - 27 - 11 - (-15 + 32)?
-49
What is 152 + (-395 - -246) + (1 + -59 - 0)?
-55
-311 + 412 - 11 - ((0 - 1) + -2 + 2)
91
(-58 - (20 - 33)) + 60
15
What is (29 + (-2 - -1) - -1 - (-2858 - -2854)) + 14?
47
What is the value of -4 + -40 + 290 + -243?
3
Evaluate 580 - 549 - (-69 - -2) - 15.
83
-469 + 466 + -45 + 1 - 20
-67
-11 + 0 - (-7766 - -7782 - ((-5 - 0) + -1))
-33
-10 - (195 + -197 + (3 - (3 + 17)))
9
What is (-169 - -61 - -53) + 45?
-10
What is the value of (1 - 103) + 156 + -132 + -2?
-80
Evaluate 1 + (119 - 80) + -14.
26
What is the value of -2 + 5 + -2 - (-2490 - -2544) - -2?
-51
What is the value of -7 - 3 - ((44 - 68) + 37)?
-23
What is the value of -113 + 6 + -13 + -20 + 29 + -21?
-132
What is the value of 11674 + -11718 - (3 - (-1 + 1))?
-47
(-29 - 13) + -25 + (5 - -16)
-46
What is the value of 9 + (-67 - (-5 + 11 - -3 - 8)) - 2?
-61
What is -15 + (-11 + 0 - -35) + -4?
5
-77 - ((22 - 34) + 29 + 7 + -8)
-93
What is the value of 33 + 7 - (10 + (-3 - 1) + -5)?
39
What is the value of -15 + (8 - 4) - (-4 + 10 + -4 + 57)?
-70
2 - -2 - (-191 + 177 - (2 + 77))
97
Evaluate (24 - -22) + 1 - 12.
35
What is (-1 - -42) + -1101 + 1097?
37
Evaluate -13 + 51 + 66 + -119.
-15
-3 - (-89 + 96 - (-1 + 5)) - 6
-12
Evaluate (-43 + 2 - -2) + -17206 + 17184.
-61
What is the value of (2 - -10) + (-53 - -21 - 0)?
-20
Calculate (2 - -21 - (97 - 95)) + -38.
-17
-14 + -1 - (47 + -85)
23
Evaluate -20 + (-17 - -28) - (-58 - -4).
45
What is the value of (1 - -3) + (-4 - 9 - -1) + 8?
0
What is the value of -3 + 3 + -1 + 39 + 13 + -26?
25
Evaluate -118 - (37 + -132 + -13).
-10
What is 51 + -25 + (-23 - -34)?
37
34 - (112 + -86) - (-1 - -2) - (-96 + 7)
96
What is -3 + -19 + 181 + (-27 - -8) + -6 + 0?
134
Calculate 3 - (1024 + -1034 - (-4 + -2 + 1)) - 31.
-23
Evaluate 51 - 5 - (-3 + (-136 - -109)).
76
What is -3 - 15 - (-49 - -32) - 7?
-8
Calculate 744 + -763 - (4 + -1 + 4 + -6).
-20
5 + (3 - 4 - (-82 + 37))
49
Evaluate -220 - -118 - (-141 - -27).
12
34 + (4 - (0 + 13)) - (10 - 9 - -7)
17
What is (-56 - -46) + (10 - -19)?
19
Evaluate (-17 - -2) + 40 + 36 + -13 - (-10 - 4).
62
What is the value of 77 + -30 + -37 + 41?
51
What is -33 + 8 - (6 - 40)?
9
What is 16 + 7 + -38 - ((-54 - 1) + 0)?
40
What is the value of 9 + (-26 - -53) + (3 - -1) + 0?
40
72 + (3 - -31) + -58
48
Evaluate -33 + 18 + -13 + (-1 - 12) + (-100 - -108).
-33
What is -6 - (-40 + (-15 - -38) - -23)?
-12
What is the value of 16 - 4 - 9 - (2 + -10 - (50 + 14))?
75
Evaluate 54 + 3 + 12 + -3 + -2 + -7 - 6.
51
Calculate -157 - (1 + -82 - 27).
-49
What is the value of 144 + (-58 - 4) - 53?
29
Evaluate (-159 - (-72 + 120)) + 117.
-90
Calculate (34 + -4 - 2) + 12 + 4 + -10.
34
What is the value of 78 + -12 - (23 + -76 + 16)?
103
-7 - ((-1 - -2) + -65 + (-24 - -39))
42
What is -40 + -1 + (6503 - 6469)?
-7
Calculate (124 - 117) + -6 + -3 + 55 + 1 + -2.
52
Calculate (11 - 16 - -11) + (-2 - -58) - (-2 + -5).
69
Calculate -30 - (-36 + -30 + 42).
-6
-24 + -33 + (16 - 20 - 23)
-84
What is the value of 18 - (190 + -180 - (4 - (100 + 7)))?
-95
What is 11 - -26 - 18 - (-48 + 54 - (2 + -8))?
7
Evaluate -34 - (-130 + 55 + 16).
25
Evaluate ((6 - -16) + -36 - 14) + 43.
15
Evaluate -5 + -11 + 13 + -4 + 24 - 6.
11
What is the value of (77 + -1 - (-28 - (11 + -27))) + (-2 - 6)?
80
What is the value of (-13 - (-10 - (-1 + 6 + -15))) + 3 - 9?
-19
Evaluate (9 - 2) + -5 + -15 + 31 + -108.
-90
Evaluate -3 + (21 - 12) + 45 - 16.
35
What is 25 + 33 + (-47 - -6) + (0 - 88)?
-71
-7 - (8 - 24) - ((-33 - -30) + 6 + 0)
6
Evaluate 0 - (-51 + 54 + 7).
-10
What is 13 - 5 - -4 - (7 - -15) - (-62 + -1)?
53
Calculate -5 - (0 + (16 - 29) + 19 - -51).
-62
(10 - 6 